 divided by c?
12
Suppose -3*a - 20 = 2*a. Let c = 16 + a. Let i(j) = 2*j + 13. What is the remainder when i(11) is divided by c?
11
Let s be 2/(0 - -1) - 4. Let t be (140/8)/(s/(-4)). Let i = t + -21. What is the remainder when 27 is divided by i?
13
Let p = 78 + -53. Suppose -4*d = -5*d + 4. Calculate the remainder when (12/(-15))/(-2)*p is divided by d.
2
Let x be -4 + 6 + 54/1. Suppose 4*r + 2*z = 4*z + 64, -x = -2*r - 5*z. Let s = r + -1. Calculate the remainder when 49 is divided by s.
15
Suppose 27 = 3*m - 5*v, 3 = 2*m + m + 3*v. Suppose -2*n + 0 = -m*l - 44, 3*n = 2*l + 18. Let k = -6 - l. What is the remainder when k is divided by 4?
2
Suppose -20*m = -17*m - 18. What is the remainder when 129/12 + (-1)/(-4) is divided by m?
5
Suppose -4*w - 4 = -20. Suppose -2*x + w = 2*z, 4*x = -5*z + 15 - 3. Suppose 3*o = d + 59, -2*o = -z*d - 59 + 3. What is the remainder when o is divided by 10?
8
Let d(p) = -2*p - 2. Let s be d(-2). Suppose -3*q - s*i + 74 = 0, 2*q - i - 7 = 47. Calculate the remainder when q is divided by 14.
12
Let q be 7 + -1 - (-4 - -5). Let i = 42 + q. Let a = i - 21. What is the remainder when a is divided by 14?
12
Suppose 21 = 3*b - 3*m, 2*m = -b - 0*m - 8. Suppose -b*j + 13 = -5*x, 2*j + 9 = -j - 2*x. Let v = 20 + j. What is the remainder when v is divided by 10?
9
Calculate the remainder when 63 is divided by (-1100)/(-70) + 4/14.
15
Suppose -2*k - 5*n - 16 = 0, -4*k - 4*n = -3*k + 14. Let q = 13 + -7. Calculate the remainder when (3 + -1)/(q/21) is divided by k.
1
Let f(q) = 17*q + 50. What is the remainder when f(4) is divided by 30?
28
Suppose -176 = 3*l - 7*l + 4*h, 5*l - 3*h - 228 = 0. What is the remainder when l is divided by 26?
22
Let z be 58/6 - (-4)/12. Suppose -s = s + z. Calculate the remainder when 180/s*(-2)/3 is divided by 13.
11
Let z = 44 - 23. What is the remainder when z is divided by 8?
5
Let y(m) = 4*m**2 - 5*m + 3. Let r be y(2). What is the remainder when 102 is divided by 187/r + (-10)/(-45)?
18
Let n be (-1 - 0)*(0 - 0). Suppose 37 = 5*q - n*m - 2*m, -2*m + 35 = 3*q. What is the remainder when 26 is divided by q?
8
Suppose -5*m - 196 = 4*v, v + 2*v + 4*m + 146 = 0. Let j = v - -75. What is the remainder when 82 is divided by j?
19
Let x(u) = -u**3 - 2*u**2. Calculate the remainder when (2 + 20/14)*7 is divided by x(-3).
6
Let z(x) = 2*x**2 + 5*x - 5. Let f(h) = 7*h**2 - h - 6. What is the remainder when z(5) is divided by f(-2)?
22
Let s = 21 - -33. Calculate the remainder when s is divided by 17.
3
What is the remainder when 16 is divided by -3 + 1 - (13 - 24)?
7
Suppose 90 + 50 = 5*v + 4*g, 3*v = -4*g + 92. What is the remainder when 93 is divided by v?
21
Let f = -5 + 9. Suppose 5*w = -4 - 61. Let t = f - w. Calculate the remainder when t is divided by 6.
5
Let v(j) be the second derivative of j**4/12 - j**3/6 + j**2 - j. What is the remainder when v(5) is divided by 24/2 - (-5 - -5)?
10
Let r(m) = -m + 13. Let b be r(6). Let v = 3 + b. What is the remainder when 39 is divided by v?
9
Suppose -4 = 3*s - 103. Suppose -1 - s = -2*t. Calculate the remainder when t is divided by 6.
5
Suppose -v + 2*b - 1 = -4, -2*v = -b - 18. Calculate the remainder when 3/(-9) - 94/(-3) is divided by v.
9
Suppose 0*h + 3*z + 18 = -4*h, 2*h + 22 = 5*z. What is the remainder when -4*2/8*-5 is divided by 0 - (h/(-3) + -4)?
1
Let b = -14 - -9. What is the remainder when (-696)/(-15) + 2/b is divided by 16?
14
Let a = -43 + 68. Let u be (-22)/(-5) + 2/(-5). Let t = 13 - u. What is the remainder when a is divided by t?
7
Suppose 0 = c - 4*c + 24. Let h(t) = 3*t. Calculate the remainder when c is divided by h(1).
2
Let p = 14 - 6. Let u = p - 4. What is the remainder when 25 is divided by 10/u*(-72)/(-20)?
7
Suppose p + 19 = 2*p. Calculate the remainder when 75 is divided by p.
18
Let t(y) = -6*y + 4. Let s(g) = 3*g + 8. Let d be s(-7). Let z = 2 - d. Calculate the remainder when t(-4) is divided by z.
13
Let k = 1 - 3. What is the remainder when (-5)/(10/16)*k is divided by 9?
7
Let v = -3 + 1. Calculate the remainder when 262/14 + v/(-7) is divided by 102/14 + (-4)/14.
5
What is the remainder when 7*(-3 + 4) + -1 is divided by 2?
0
Suppose 6*d + 3 = 99. What is the remainder when 44 is divided by d?
12
Let p(l) = -l**3 - l - 2. What is the remainder when p(-2) is divided by (16/(-4))/(-1) + -1?
2
Suppose -2 = 2*y - 24. Suppose 0 = -5*z + 4 + y, 2*u = -z + 11. Suppose 14 = 3*p - 16. What is the remainder when p is divided by u?
2
Let t(h) = -3*h**2 - 1 + 4*h**2 + 0*h + h. Calculate the remainder when t(-3) is divided by 2.
1
Suppose -4*h + 2*h + 18 = 0. Suppose 6*n = -2*v + 2*n + 36, 12 = v - 4*n. What is the remainder when v is divided by h?
7
Let o = 7 - 5. Suppose o*n - 4*n = -20. Let i(p) = p**2 - p - 2. Calculate the remainder when i(-5) is divided by n.
8
Let a(d) = -2*d + 8. Calculate the remainder when a(-7) is divided by ((-3)/(-2))/(9/48).
6
Calculate the remainder when 1*-1*(-45 + 4) is divided by 11.
8
Let p = 8 + 1. Let d be (-68)/11 + (-8)/(-44). Let y(n) = n**3 + 7*n**2 + 2*n - 7. What is the remainder when y(d) is divided by p?
8
Let z(b) = -b**3 - 7*b**2 + 8*b + 4. Let n = 25 + -17. Suppose -22 = -5*d + n. Calculate the remainder when d is divided by z(-8).
2
Suppose 6*d + 56 = 10*d. Calculate the remainder when d is divided by 4.
2
Suppose 3*b - 29 = 2*b - 3*j, 3*j + 55 = 5*b. Suppose 4*h + 7 = 35. Let t = h + b. What is the remainder when t is divided by 8?
5
Let g = 3 + -5. Let y(j) = -j + 29. What is the remainder when (-111)/g - (-2)/(-4) is divided by y(10)?
17
Let g = 3 - 0. Suppose -g*s + 6 + 15 = 0. Calculate the remainder when 18 is divided by s.
4
Suppose -2*l + 5*d + 4 = 0, 0 = 6*l - l - 5*d - 10. Suppose j + 4*j + 5*u - 60 = 0, 5*j - 105 = 4*u. Calculate the remainder when (16/1)/(1/l) is divided by j.
15
Suppose 2*b - b = 3*d - 64, 2*d - 2*b - 36 = 0. Calculate the remainder when d is divided by 8.
7
Let x be 129 + 2/(-2)*-2. Let v = x - 62. What is the remainder when v is divided by 18?
15
Suppose 0 = 4*n + 3*y - 1, 0*n - y + 11 = 4*n. Calculate the remainder when 13 is divided by n.
1
Let q(z) = 2*z**2 + 3*z - 1. Let t be q(3). What is the remainder when t + -3 - (-6)/(-2) is divided by 7?
6
Suppose -5*j + 0*j = -55. Suppose -67 = -5*x + 93. Calculate the remainder when x is divided by j.
10
Let x = -12 - -22. Let a = x - -5. Calculate the remainder when 44 is divided by a.
14
Calculate the remainder when -2 + 101 + -5 + 7 is divided by 26.
23
Let j = -2 - -4. Let m = 6 + -3. Suppose 0 = -m*h - j*h + 65. Calculate the remainder when 49 is divided by h.
10
Let d(w) = w**3 + 12*w**2 + 9*w - 14. Let j be d(-11). Suppose -j*z - 156 = -10*z. What is the remainder when z is divided by 20?
18
Suppose o - 32 = 2*i, 4*o = o - 2*i + 104. Suppose 0*q - o = -2*q. What is the remainder when 33 is divided by q?
16
Suppose -2*w = 3*p + p + 4, -w - 12 = 4*p. Calculate the remainder when 15 is divided by w.
7
Suppose -h + 9 + 5 = 0. Let j be (2 - 18/4)*-2. Let a = 32 - j. Calculate the remainder when a is divided by h.
13
Suppose 5*u = 3*h + 168, -4*u - 4*h + 27 + 101 = 0. Let r be u/12 + 1/4. Suppose 0*i - 30 = -r*i. What is the remainder when i is divided by 6?
4
Let u = 4 - -71. Calculate the remainder when u is divided by 39.
36
Let c be (-27)/2*24/(-9). Suppose -h = -5*t - 37, -h - 4*t - c = -2*h. Let r(m) = m**3 - 2*m**2 - 6*m + 3. Calculate the remainder when h is divided by r(4).
10
Let m = -120 + 218. What is the remainder when m is divided by 25?
23
Let v = 108 + -92. What is the remainder when v is divided by 12/2*(-1 + 2)?
4
Let u(k) = -k**3 + k**2 - k + 20. Calculate the remainder when 56 is divided by u(0).
16
Let i be (3/(-6))/((-2)/8). Suppose f = -i*f + 102. Calculate the remainder when f is divided by 1/3 + (-105)/(-9).
10
Let o(f) = 3*f**2 - f - 5. Let q = -4 - -10. Calculate the remainder when o(4) is divided by 19 - (q/1)/(-3).
18
Let i(o) = o**2 + 2*o - 5. Let y = 124 + -70. What is the remainder when y is divided by i(4)?
16
Suppose 0 = -3*f + 84 - 12. Calculate the remainder when 69 is divided by f.
21
Suppose 3*k - 20 = 2*a - 6*a, -k - 5*a = -25. Suppose 2*r + 0*r - 50 = k. Suppose -3*g = -r - 5. What is the remainder when g is divided by 4?
2
Calculate the remainder whe